e highest common factor of 66 and a.
6
Let h = -130 - -94. Let z = 4 - h. Calculate the greatest common factor of z and 8.
8
Suppose -3 = -m + 13. Suppose -4*a - 5*w = -2*a, -a = 3*w. Suppose -2*j + 0*j + 96 = a. Calculate the highest common divisor of m and j.
16
Suppose 0 = -10*z - 224 + 1574. What is the greatest common factor of 135 and z?
135
Let z be (6 - -1) + (0 - 1). Suppose -240 = 4*o - z*o. Suppose -5*x = 45 - o. What is the greatest common divisor of 120 and x?
15
Let v be (-34493)/(-238) + 3/42. Calculate the greatest common factor of v and 15.
5
Suppose 37*y - 14618 = -4776. Calculate the highest common factor of 154 and y.
14
Let p = 184 - -56. What is the greatest common divisor of p and 15?
15
Let q be (-14 - 2)/(-4)*1. Suppose 34 = 5*b + 4*m - 37, -q*b - m + 59 = 0. What is the greatest common factor of 60 and b?
15
Let s be 47031/21 - (-320)/224. Calculate the greatest common factor of s and 27.
27
Suppose -3*b - 155 = -1466. Calculate the greatest common factor of 23 and b.
23
Let n(i) be the third derivative of -i**4/24 - 2*i**3/3 + 8*i**2. Let c be n(-6). Suppose 3*k + c*k - 35 = 0. What is the greatest common factor of k and 35?
7
Let x = -13 - -25. Suppose 8*a + 60 = x*a. Let u = 22 - a. Calculate the greatest common divisor of 77 and u.
7
Let y(h) = 3*h + 91. Let u be y(-27). Let g be (-2)/(-5) + (-44)/u - -202. Calculate the highest common factor of g and 22.
22
Suppose 3*x - 217 = -3*w + 257, 5*x = 2*w + 762. What is the greatest common divisor of 14 and x?
14
Suppose 5*q = -4*n + 35, q + 75 = 5*n + 24. Let b be -3*2*(-25)/n. Suppose 327 = -8*x + 1407. Calculate the highest common factor of b and x.
15
Let u(l) = -l**3 - 14*l**2 - 3*l - 10. Let f = -95 + 81. Let p be u(f). What is the greatest common divisor of 112 and p?
16
Let f be ((-6)/3 + 1)/1. Let l be ((3/(-2) - -4) + f)*8. What is the greatest common factor of 60 and l?
12
Let i = -18 + 33. Let z = -4 - -8. Suppose -5*n + 7*r + 65 = z*r, 45 = 3*n - 3*r. Calculate the greatest common divisor of n and i.
5
Suppose -2*v + 3*b + 13 = 0, -2*v - 3*b = -0*v - 19. Let j(x) = x + 9 + v + 6 + 8. Let c be j(-13). Calculate the greatest common factor of c and 36.
18
Let c(b) = -3*b**2 + 7*b - 16. Let j(s) = -s**2 - 1. Let q(h) = -c(h) + j(h). Let w be q(3). Let z = 152 - 44. Calculate the highest common divisor of z and w.
12
Let w(n) = n**3 - 2*n**2 - n + 3. Let f be w(2). Calculate the greatest common factor of f and 29.
1
Let s be (42/(-4))/(-1)*(-216)/(-81). Let l be ((-20)/(-8) + 1)*96/s. Calculate the greatest common divisor of l and 84.
12
Suppose -4*b + u = -23, 15 = 2*b + 14*u - 11*u. Calculate the highest common factor of b and 68.
2
Suppose -5*i + 146 - 6 = 0. Suppose -i*x = -26*x - 84. What is the greatest common divisor of x and 28?
14
Let q = -16 + 26. Let x be q/(-4)*(-8)/10. Suppose -17 + 1 = -x*r. Calculate the greatest common divisor of 20 and r.
4
Let p(i) = -4*i. Let b be p(0). Suppose 2*k - 145 = -3*k + 3*s, b = 5*k + 3*s - 175. Calculate the greatest common divisor of k and 40.
8
Let u be (-16)/12*4/8*-141. What is the greatest common factor of u and 470?
94
Suppose 14 = 4*o + 2. Suppose i + 6 = o*i. Suppose 4*t - 84 = -i*t. Calculate the greatest common factor of 2 and t.
2
Suppose 4*m = 16, 564 = 5*a - 3*m - m. Calculate the highest common divisor of 87 and a.
29
Suppose -56*y + 13*y = -301. What is the highest common divisor of 609 and y?
7
Let l(y) = -4*y - 20. Let u be l(-6). Let x be (0 - u)*(-21)/14. Calculate the greatest common factor of 30 and x.
6
Suppose -2*g + 637 = -3*f, 5*g + 0*g - 1595 = 5*f. Suppose o + g = 6*o. Calculate the greatest common factor of o and 16.
16
Let j = 13 - 9. Suppose -j*t + 4 = -76. Let c = t - 12. Calculate the greatest common factor of c and 8.
8
Suppose 0 = -4*n - 2*h + 1274, 5*n - 3*h - 817 = 792. Calculate the greatest common divisor of 5 and n.
5
Suppose 7*w - 67 = 108. Suppose 4*c + u = 2*c + w, 0 = -u + 1. What is the greatest common factor of c and 60?
12
Suppose -4*t = -4*r - 224, 0 = -4*t + 6*r - 9*r + 210. What is the greatest common divisor of 135 and t?
27
Suppose -200 = -2*h + 5*r, 2*h + 20*r - 22*r = 200. Calculate the highest common divisor of 20 and h.
20
Let p = 46 + -44. Suppose -75 = -p*o - 3*o + 5*q, q + 33 = 2*o. Let s be (-30)/(2*(-2)/12). Calculate the greatest common divisor of o and s.
18
Suppose 3*p + 0 = 2*a + 1, 5*p = 3*a + 3. Suppose -13 - 29 = p*l. Let t be (-4)/l + (-1595)/(-77). What is the highest common factor of 189 and t?
21
Let k = 7465 - 7443. Let w be 111 - ((-4)/(-2) - 1). What is the greatest common divisor of k and w?
22
Suppose -3*g + 2*p + 107 = 0, -g - 4*p = -18 + 1. Let q = g + -28. Suppose 121 + 279 = q*m. What is the highest common factor of m and 10?
10
Let s(x) = 14*x - 498. Let t be s(38). What is the greatest common divisor of t and 544?
34
Suppose 25*a = 2209 + 1791. What is the greatest common factor of a and 50?
10
Suppose -1014 = -25*z - z. Calculate the greatest common factor of z and 3.
3
Suppose o - 4 = -3*o. Let d be (0/(-8))/(3*o). Suppose d = -3*u + 3 + 6. What is the greatest common divisor of u and 12?
3
Let s(x) = -x + 44. Let b be s(15). Suppose 2*h + 165 = 5*v + 7*h, 0 = v - 3*h - b. Calculate the highest common factor of 8 and v.
8
Let q(c) = 7*c**3 + c. Let x be q(1). Suppose 17*u - x = 15*u. Calculate the greatest common factor of u and 28.
4
Let k(a) = a**3 - 7*a**2 + 2*a + 5. Let p = 7 - 1. Let b be k(p). Let u = b - -31. Calculate the greatest common divisor of 36 and u.
12
Let y = 71 + -82. Let d(p) = 2*p + 23. Let c be d(y). What is the highest common divisor of c and 4?
1
Let p(w) = -2*w + 1. Let n be p(-3). Suppose -2*r - 195 = -3*y, -4*y - r = -6*y + 129. Calculate the greatest common divisor of y and n.
7
Let l(r) = 84*r - 669. Let j be l(9). Calculate the greatest common factor of 638 and j.
29
Let a(o) = o**2 - 5*o + 4. Let v be a(5). Let s be (31 + 1295/(-42))/((-1)/(-36)). What is the greatest common factor of v and s?
2
Let a(w) = 1558*w - 7. Let r be a(1). Suppose -42*d + r = -39*d. What is the highest common divisor of d and 47?
47
Let z = 22 - 18. Suppose 24 = 5*d - z*d. Calculate the greatest common divisor of d and 12.
12
Let j(t) = -6*t**3 + 2*t**2 + 4*t + 1. Let k be j(-1). Suppose -k*d = -54 - 31. Calculate the greatest common factor of d and 85.
17
Let a(t) = t**3 - 18*t**2 - t + 2. Let k be a(18). Let n(r) = r + 49. Let s be n(k). Calculate the greatest common factor of s and 22.
11
Let q = -14 - -61. Let f = q - 41. Let r be -5*(-2 + (-14)/5). Calculate the greatest common divisor of f and r.
6
Let n(m) = 15*m + 974. Let k be n(-63). What is the highest common divisor of 2987 and k?
29
Let o = -104 + 236. What is the highest common factor of o and 36?
12
Suppose 0 = 5*j - 4*t - 63, -6*j + 5*t - 12 = -8*j. Calculate the greatest common factor of 539 and j.
11
Let c = -74 + 179. Let o(r) = -3*r + 3. Let t be o(-2). Let h(l) = l**2 - 3*l - 19. Let f be h(t). Calculate the highest common divisor of f and c.
35
Suppose -33*s = -2167 + 187. What is the highest common divisor of s and 12?
12
Let s = 82 + -56. Let h = s - 27. Let b be (h + -53)*(-2)/6. Calculate the greatest common factor of 2 and b.
2
Let g(m) = -12*m - 12. Let d = 9 - 14. Let f be g(d). What is the highest common divisor of f and 12?
12
Let i = 41 - 100. Let s = i - -72. What is the greatest common factor of s and 65?
13
Suppose -11*t + 370 = -6*t. Suppose 3*j = a - 12, -j + 0*j + t = 4*a. What is the greatest common divisor of 6 and a?
6
Let k(n) = -2*n**2 - 3*n + 1. Suppose -2 = j - 4. Let m be k(j). Let b = m + 24. Calculate the highest common divisor of 33 and b.
11
Let r(q) = -7*q - 4. Let n be r(-10). Let o = n + 39. Calculate the greatest common divisor of o and 15.
15
Let m = -2113 + 2258. Calculate the greatest common factor of m and 435.
145
Let p = 0 + -9. Let d(j) = j**2 + j + 12. Let t be d(p). Calculate the greatest common factor of 12 and t.
12
Suppose -13*u + 1883 = -3304. Calculate the greatest common factor of 21 and u.
21
Let d(o) = 2*o**2 + 17*o - 1. Let w be d(-14). Let k be 1/(8/34*(-4)/(-96)). What is the highest common divisor of w and k?
51
Let c(i) = -4*i + 3*i - 1 + 5 + 0*i. Let h be c(-22). Calculate the greatest common div